{"id":22238,"date":"2025-11-14T13:12:35","date_gmt":"2025-11-14T11:12:35","guid":{"rendered":"https:\/\/weingut-richter-mohr.de\/Catalog\/?product=nr-1412025-grauburgunder-kabinett-feinherb-075l"},"modified":"2025-12-16T12:20:28","modified_gmt":"2025-12-16T10:20:28","slug":"nr-1412025-grauburgunder-kabinett-feinherb-075l","status":"publish","type":"product","link":"https:\/\/weingut-richter-mohr.de\/Catalog\/?product=nr-1412025-grauburgunder-kabinett-feinherb-075l","title":{"rendered":"<br>Nr. 141<br>2025 Grauburgunder Kabinett  feinherb 0,75l<br>"},"content":{"rendered":"<div align=\"left\"><font size=\"3\"><\/p>\n<p>        <font color=\"#970000\"><strong><br \/><!-- IBGHTML --><!-- IBGHTML --><br \/><DIV>Fruchtig, markant und nachhaltig, dezente S\u00fc\u00dfe verbunden mit harmonischer S\u00e4ure. Ein edler Wein mit edlem Glaskorken verschlossen.<\/DIV><\/strong><\/font><\/p>\n<p><\/font><\/div>\n<table WIDTH=\"60%\" BORDER=\"0\" align=\"left\" CELLPADDING=\"0\" CELLSPACING=\"0\"><\/p>\n<tr><\/p>\n<td width=\"53%\"><font size=\"-1\">Artikelnummer:<\/font><\/td>\n<td width=\"47%\"><font size=\"-1\">141<\/font><\/td>\n<p><\/tr>\n<tr><\/p>\n<td><font size=\"-1\">Inhalt<\/font><\/td>\n<td><font size=\"-1\">0,75 Ltr.<\/font><\/td>\n<p><\/tr>\n<tr ALIGN=\"LEFT\"><\/p>\n<td><font size=\"-1\">Preis\/Ltr.<\/font><\/td>\n<td><font size=\"-1\">10,53 EUR pro Ltr.<\/font><\/td>\n<p><\/tr>\n<tr><\/p>\n<td><font size=\"-1\">Weinart:<\/font><\/td>\n<td><font size=\"-1\">Wei\u00dfwein<\/font><\/td>\n<p><\/tr>\n<tr><\/p>\n<td><font size=\"-1\">Qualit&auml;tsstufe<\/font><\/td>\n<td><font size=\"-1\">Kabinett<\/font><\/td>\n<p><\/tr>\n<tr><\/p>\n<td><font size=\"-1\">Rebsorte<\/font><\/td>\n<td><font size=\"-1\">Grauburgunder<\/font><\/td>\n<p><\/tr>\n<p><\/p>\n<tr><\/p>\n<td><font size=\"-1\">Alkoholgehalt<\/font><\/td>\n<td><font size=\"-1\"><strong>120,0 Vol. %<\/strong><\/font><\/td>\n<p><\/tr>\n<p><\/p>\n<tr>\n<td><font size=\"-1\">Bio:<\/font><\/td>\n<td><font size=\"-1\"><strong>NEIN<\/strong><\/font><\/td>\n<\/tr>\n<p><\/p>\n<tr>\n<td><font size=\"-1\">enth\u00e4lt Allergene:<\/font><\/td>\n<td><font size=\"-1\"><strong>Sulfite<\/strong><\/font><\/td>\n<\/tr>\n<p><\/table>\n","protected":false},"excerpt":{"rendered":"<p>Fruchtig, markant und nachhaltig, dezente S\u00fc\u00dfe verbunden mit harmonischer S\u00e4ure. Ein edler Wein mit edlem Glaskorken verschlossen. Artikelnummer: 141 Inhalt 0,75 Ltr. Preis\/Ltr. 10,53 EUR pro Ltr. Weinart: Wei\u00dfwein Qualit&auml;tsstufe Kabinett Rebsorte Grauburgunder Alkoholgehalt 120,0 Vol. % Bio: NEIN enth\u00e4lt Allergene: Sulfite<\/p>\n","protected":false},"featured_media":21775,"comment_status":"open","ping_status":"closed","template":"","meta":[],"product_brand":[],"product_cat":[3560,3561],"product_tag":[],"class_list":{"0":"post-22238","1":"product","2":"type-product","3":"status-publish","4":"has-post-thumbnail","6":"product_cat-weisswein","7":"product_cat-weisswein-feinherb","9":"first","10":"instock","11":"taxable","12":"shipping-taxable","13":"purchasable","14":"product-type-simple"},"_links":{"self":[{"href":"https:\/\/weingut-richter-mohr.de\/Catalog\/index.php?rest_route=\/wp\/v2\/product\/22238"}],"collection":[{"href":"https:\/\/weingut-richter-mohr.de\/Catalog\/index.php?rest_route=\/wp\/v2\/product"}],"about":[{"href":"https:\/\/weingut-richter-mohr.de\/Catalog\/index.php?rest_route=\/wp\/v2\/types\/product"}],"replies":[{"embeddable":true,"href":"https:\/\/weingut-richter-mohr.de\/Catalog\/index.php?rest_route=%2Fwp%2Fv2%2Fcomments&post=22238"}],"wp:featuredmedia":[{"embeddable":true,"href":"https:\/\/weingut-richter-mohr.de\/Catalog\/index.php?rest_route=\/wp\/v2\/media\/21775"}],"wp:attachment":[{"href":"https:\/\/weingut-richter-mohr.de\/Catalog\/index.php?rest_route=%2Fwp%2Fv2%2Fmedia&parent=22238"}],"wp:term":[{"taxonomy":"product_brand","embeddable":true,"href":"https:\/\/weingut-richter-mohr.de\/Catalog\/index.php?rest_route=%2Fwp%2Fv2%2Fproduct_brand&post=22238"},{"taxonomy":"product_cat","embeddable":true,"href":"https:\/\/weingut-richter-mohr.de\/Catalog\/index.php?rest_route=%2Fwp%2Fv2%2Fproduct_cat&post=22238"},{"taxonomy":"product_tag","embeddable":true,"href":"https:\/\/weingut-richter-mohr.de\/Catalog\/index.php?rest_route=%2Fwp%2Fv2%2Fproduct_tag&post=22238"}],"curies":[{"name":"wp","href":"https:\/\/api.w.org\/{rel}","templated":true}]}}