{"id":21847,"date":"2022-08-02T11:37:44","date_gmt":"2022-08-02T09:37:44","guid":{"rendered":"https:\/\/weingut-richter-mohr.de\/Catalog\/?product=nr-10951994er-rheinhessen-ortega-trockenbeerenauslese-suess-0375l"},"modified":"2026-03-17T10:45:57","modified_gmt":"2026-03-17T08:45:57","slug":"nr-10951994er-rheinhessen-ortega-trockenbeerenauslese-suess-0375l","status":"publish","type":"product","link":"https:\/\/weingut-richter-mohr.de\/Catalog\/?product=nr-10951994er-rheinhessen-ortega-trockenbeerenauslese-suess-0375l","title":{"rendered":"<br>Nr. 1095<br>1994er Rheinhessen Ortega Trockenbeerenauslese  s\u00fcss 0,375l<br>"},"content":{"rendered":"<div align=\"left\"><font size=\"3\"><\/p>\n<p>        <font color=\"#970000\"><strong>154\u00b0 Oechsle!! Eine ausgesprochene Rarit\u00e4t! Edels\u00fc\u00df, bernsteinfarben, aromatische, konzentrierte Geschmacksf\u00fclle, weiterhin lagerf\u00e4hig.Mit eingewachstem Flaschenhals.<\/strong><\/font><\/p>\n<p><\/font><\/div>\n<table WIDTH=\"60%\" BORDER=\"0\" align=\"left\" CELLPADDING=\"0\" CELLSPACING=\"0\"><\/p>\n<tr><\/p>\n<td width=\"53%\"><font size=\"-1\">Artikelnummer:<\/font><\/td>\n<td width=\"47%\"><font size=\"-1\">1095<\/font><\/td>\n<p><\/tr>\n<tr><\/p>\n<td><font size=\"-1\">Inhalt<\/font><\/td>\n<td><font size=\"-1\">0,375 Ltr.<\/font><\/td>\n<p><\/tr>\n<tr ALIGN=\"LEFT\"><\/p>\n<td><font size=\"-1\">Preis\/Ltr.<\/font><\/td>\n<td><font size=\"-1\">42,13 EUR pro Ltr.<\/font><\/td>\n<p><\/tr>\n<tr><\/p>\n<td><font size=\"-1\">Weinart:<\/font><\/td>\n<td><font size=\"-1\">Wei\u00dfwein<\/font><\/td>\n<p><\/tr>\n<tr><\/p>\n<td><font size=\"-1\">Qualit&auml;tsstufe<\/font><\/td>\n<td><font size=\"-1\">Trockenbeerenauslese<\/font><\/td>\n<p><\/tr>\n<tr><\/p>\n<td><font size=\"-1\">Rebsorte<\/font><\/td>\n<td><font size=\"-1\">Ortega<\/font><\/td>\n<p><\/tr>\n<p><\/p>\n<tr><\/p>\n<td><font size=\"-1\">Alkoholgehalt<\/font><\/td>\n<td><font size=\"-1\"><strong>10,5 Vol. %<\/strong><\/font><\/td>\n<p><\/tr>\n<p><\/p>\n<tr>\n<td><font size=\"-1\">Bio:<\/font><\/td>\n<td><font size=\"-1\"><strong>NEIN<\/strong><\/font><\/td>\n<\/tr>\n<p><\/p>\n<tr>\n<td><font size=\"-1\">enth\u00e4lt Allergene:<\/font><\/td>\n<td><font size=\"-1\"><strong>Sulfite<\/strong><\/font><\/td>\n<\/tr>\n<p><\/table>\n","protected":false},"excerpt":{"rendered":"<p>154\u00b0 Oechsle!! Eine ausgesprochene Rarit\u00e4t! Edels\u00fc\u00df, bernsteinfarben, aromatische, konzentrierte Geschmacksf\u00fclle, weiterhin lagerf\u00e4hig.Mit eingewachstem Flaschenhals. Artikelnummer: 1095 Inhalt 0,375 Ltr. Preis\/Ltr. 42,13 EUR pro Ltr. Weinart: Wei\u00dfwein Qualit&auml;tsstufe Trockenbeerenauslese Rebsorte Ortega Alkoholgehalt 10,5 Vol. % Bio: NEIN enth\u00e4lt Allergene: Sulfite<\/p>\n","protected":false},"featured_media":21765,"comment_status":"open","ping_status":"closed","template":"","meta":[],"product_brand":[],"product_cat":[3572,3571],"product_tag":[],"class_list":{"0":"post-21847","1":"product","2":"type-product","3":"status-publish","4":"has-post-thumbnail","6":"product_cat-schatztruhe","7":"product_cat-trockenbeerenauslese","9":"first","10":"instock","11":"taxable","12":"shipping-taxable","13":"purchasable","14":"product-type-simple"},"_links":{"self":[{"href":"https:\/\/weingut-richter-mohr.de\/Catalog\/index.php?rest_route=\/wp\/v2\/product\/21847"}],"collection":[{"href":"https:\/\/weingut-richter-mohr.de\/Catalog\/index.php?rest_route=\/wp\/v2\/product"}],"about":[{"href":"https:\/\/weingut-richter-mohr.de\/Catalog\/index.php?rest_route=\/wp\/v2\/types\/product"}],"replies":[{"embeddable":true,"href":"https:\/\/weingut-richter-mohr.de\/Catalog\/index.php?rest_route=%2Fwp%2Fv2%2Fcomments&post=21847"}],"wp:featuredmedia":[{"embeddable":true,"href":"https:\/\/weingut-richter-mohr.de\/Catalog\/index.php?rest_route=\/wp\/v2\/media\/21765"}],"wp:attachment":[{"href":"https:\/\/weingut-richter-mohr.de\/Catalog\/index.php?rest_route=%2Fwp%2Fv2%2Fmedia&parent=21847"}],"wp:term":[{"taxonomy":"product_brand","embeddable":true,"href":"https:\/\/weingut-richter-mohr.de\/Catalog\/index.php?rest_route=%2Fwp%2Fv2%2Fproduct_brand&post=21847"},{"taxonomy":"product_cat","embeddable":true,"href":"https:\/\/weingut-richter-mohr.de\/Catalog\/index.php?rest_route=%2Fwp%2Fv2%2Fproduct_cat&post=21847"},{"taxonomy":"product_tag","embeddable":true,"href":"https:\/\/weingut-richter-mohr.de\/Catalog\/index.php?rest_route=%2Fwp%2Fv2%2Fproduct_tag&post=21847"}],"curies":[{"name":"wp","href":"https:\/\/api.w.org\/{rel}","templated":true}]}}